atest common factor of 99 and 3498?
33
Calculate the highest common divisor of 64 and 1952.
32
Calculate the greatest common divisor of 6 and 51.
3
Calculate the greatest common factor of 2926 and 19.
19
What is the greatest common divisor of 7 and 5?
1
What is the highest common factor of 928 and 96?
32
What is the greatest common factor of 3 and 24?
3
Calculate the highest common divisor of 1352 and 16.
8
Calculate the highest common factor of 152 and 23788.
76
Calculate the highest common factor of 9 and 6.
3
What is the greatest common divisor of 130 and 2405?
65
Calculate the greatest common factor of 248 and 93.
31
Calculate the greatest common divisor of 441 and 45.
9
What is the highest common divisor of 994 and 5254?
142
Calculate the highest common divisor of 120 and 336.
24
Calculate the highest common divisor of 14535 and 18.
9
Calculate the highest common factor of 60 and 2460.
60
What is the greatest common divisor of 15680 and 84?
28
Calculate the highest common divisor of 456 and 376.
8
Calculate the greatest common factor of 1700 and 475.
25
What is the highest common divisor of 16134 and 6?
6
Calculate the greatest common factor of 1557 and 9.
9
What is the greatest common divisor of 51 and 17?
17
What is the greatest common factor of 16 and 1468?
4
What is the highest common factor of 78 and 3237?
39
What is the greatest common divisor of 819 and 3458?
91
Calculate the greatest common factor of 1080 and 100.
20
What is the greatest common divisor of 1536 and 88?
8
Calculate the highest common divisor of 630 and 490.
70
Calculate the greatest common factor of 1133 and 77.
11
What is the highest common divisor of 58 and 4582?
58
What is the greatest common factor of 144 and 588?
12
What is the greatest common factor of 16 and 25?
1
Calculate the highest common factor of 1592 and 32.
8
Calculate the greatest common divisor of 36 and 204.
12
What is the highest common divisor of 177 and 2301?
177
Calculate the greatest common divisor of 200 and 30.
10
Calculate the greatest common factor of 731 and 688.
43
Calculate the highest common divisor of 936 and 288.
72
What is the highest common factor of 198 and 45?
9
Calculate the highest common factor of 224 and 35.
7
Calculate the highest common divisor of 36 and 4236.
12
Calculate the highest common factor of 2257 and 122.
61
Calculate the greatest common factor of 5499 and 1755.
117
What is the highest common factor of 371 and 106?
53
What is the highest common divisor of 36 and 5274?
18
Calculate the greatest common factor of 9 and 5931.
9
What is the highest common divisor of 32 and 1264?
16
What is the greatest common divisor of 3 and 9768?
3
Calculate the highest common factor of 52 and 793.
13
Calculate the greatest common factor of 30 and 615.
15
Calculate the greatest common factor of 175 and 105.
35
Calculate the highest common divisor of 24 and 84.
12
What is the highest common factor of 2 and 214?
2
Calculate the highest common divisor of 231 and 99.
33
What is the highest common factor of 42 and 10?
2
Calculate the highest common factor of 1792 and 378.
14
Calculate the greatest common factor of 28 and 1610.
14
What is the highest common factor of 60 and 80?
20
What is the greatest common divisor of 2570 and 30?
10
What is the highest common divisor of 2396 and 4?
4
What is the highest common factor of 35 and 10?
5
What is the highest common factor of 4088 and 224?
56
Calculate the greatest common divisor of 61 and 1.
1
Calculate the greatest common factor of 57 and 19.
19
Calculate the highest common divisor of 489 and 3.
3
Calculate the greatest common divisor of 492 and 173676.
492
What is the greatest common factor of 455 and 70?
35
Calculate the highest common divisor of 310 and 62.
62
Calculate the greatest common divisor of 1020 and 15.
15
What is the greatest common divisor of 243 and 9?
9
What is the highest common factor of 30 and 80?
10
What is the highest common divisor of 286 and 11?
11
Calculate the greatest common factor of 436 and 109.
109
Calculate the greatest common divisor of 32 and 8.
8
Calculate the highest common factor of 73 and 4891.
73
What is the greatest common factor of 384 and 3648?
192
What is the greatest common factor of 665 and 6175?
95
Calculate the highest common divisor of 550 and 22.
22
What is the highest common divisor of 6792 and 48?
24
Calculate the greatest common divisor of 13453 and 11.
11
What is the highest common factor of 47 and 94?
47
What is the greatest common factor of 171 and 1349?
19
What is the highest common divisor of 2499 and 816?
51
Calculate the highest common divisor of 15 and 72.
3
Calculate the highest common divisor of 1075 and 645.
215
What is the greatest common divisor of 1209 and 2883?
93
What is the greatest common factor of 312 and 24?
24
What is the highest common divisor of 98 and 1225?
49
Calculate the highest common factor of 13 and 8697.
13
What is the highest common factor of 280 and 472?
8
What is the greatest common divisor of 67 and 144787?
67
What is the highest common divisor of 36 and 468?
36
What is the highest common factor of 2084 and 8?
4
What is the greatest common factor of 14 and 1799?
7
What is the highest common factor of 5734 and 94?
94
What is the highest common divisor of 12 and 90264?
12
What is the highest common divisor of 86 and 6?
2
Calculate the highest common divisor of 8390 and 10.
10
Calculate the greatest common divisor of 135 and 14310.
135
What is the greatest common divisor of 501 and 21?
3
Calculate the highest common divisor of 66 and 4818.
66
Calculate the highest common factor of 693 and 77.
77
Calculate the highest common factor of 12 and 10884.
12
Calculate the highest common factor of 338 and 39.
13
What is the highest common divisor of 301 and 21?
7
What is the highest common factor of 4140 and 135?
45
What is the greatest common divisor of 28 and 532?
28
What is the greatest common factor of 29 and 116?
29
What is the greatest common divisor of 3 and 2?
1
What is the highest common factor of 92 and 46?
46
What is the greatest common factor of 510 and 5?
5
Calculate the greatest common factor of 56 and 126.
14
What is the greatest common factor of 252 and 1197?
63
Calculate the highest common factor of 8319 and 987.
141
Calculate the highest common factor of 4240 and 120.
40
What is the highest common factor of 6 and 78?
6
Calculate the greatest common divisor of 495 and 3135.
165
Calculate the highest common factor of 171 and 4598.
19
Calculate the greatest common divisor of 415 and 5.
5
Calculate the greatest common factor of 5371 and 41.
41
What is the highest common divisor of 20167 and 201?
67
What is the greatest common factor of 20 and 250?
10
Calculate the greatest common factor of 6186 and 18.
6
What is the highest common divisor of 12 and 1206?
6
Calculate the highest common divisor of 12675 and 150.
75
Calculate the greatest common factor of 201 and 2211.
201
What is the greatest common divisor of 35 and 15?
5
Calculate the highest common divisor of 16243 and 37.
37
What is the greatest common factor of 5928 and 132?
12
What is the greatest common factor of 28 and 63?
7
Calculate the greatest common divisor of 6 and 3882.
6
Calculate the highest common factor of 11 and 748.
11
What is the highest common divisor of 3836 and 7?
7
Calculate the highest common divisor of 2776 and 16.
8
Calculate the highest common factor of 1105 and 85.
85
Calculate the greatest common divisor of 196 and 280.
28
Calculate the highest common factor of 4661 and 1027.
79
What is the highest common factor of 243 and 108?
27
Calculate the highest common divisor of 328 and 3403.
41
What is the greatest common divisor of 31 and 4?
1
Calculate the highest common factor of 1789 and 1.
1
Calculate the greatest common factor of 32 and 656.
16
What is the greatest common factor of 108 and 24?
12
Calculate the greatest common factor of 22 and 286.
22
What is the greatest common divisor of 43 and 1419?
43
Calculate the highest common factor of 128 and 40.
8
What is the greatest common factor of 12566 and 103?
103
What is the greatest common divisor of 93 and 21?
3
What is the greatest common factor of 817 and 361?
19
Calculate the greatest common divisor of 128 and 36.
4
Cal